2) + 48 - 48) + 90
67
What is 148 - (178 - 57) - 29?
-2
What is (-139 - -26) + 94 + 125?
106
-1 - 54 - -1 - (-5494 + 5491)
-51
Calculate -1 + -19 + -22 + 15 + -11 + 17.
-21
2 + 5 + 3 - (51 - (-10 - 26 - -15))
-62
1 + -1 + -3 + 12 - (-2 - (-23 + -7))
-19
Calculate 6 + -8 + (13 + (-3 - 22) - 42).
-56
What is -9 + (33 - 10) - -26?
40
Calculate (1 - -5) + (-1 + -15 - -4) - 33.
-39
-16 - ((-61 - (-15 - -23 - -3)) + 10)
46
Evaluate -14 - (1 - (6 - 10) - ((-10 - 6) + 47)).
12
What is -57 + (-2 - (-25 + 10 - (1 - 4)))?
-47
Evaluate (39 - 4) + 3 - (2610 - 2661).
89
Calculate -72 + 15 + (19 - 44) - (-2 + -4).
-76
What is -2 + (-2 + -1 + 1 + 4 - (-7 + 3))?
4
Calculate -37 + (24 + 30 + -40 - 10).
-33
-12 + 0 - (105 - 45 - 67)
-5
What is 103 + (19 - -36) - 54?
104
(-1 - -14 - (-135 + 156) - -9) + 63
64
Evaluate 132 + -51 - (-2 - -19).
64
What is the value of (61 - (9 + 62)) + 23 + -2 - (0 + 73)?
-62
Evaluate -1036 - -1040 - (-1 - (42 + -2)).
45
What is the value of 11 + -20 + -4 + (-1 - -9) - (-1 + -33)?
29
Calculate 96 + (-10 + -98 - -42).
30
Evaluate -37 + 27 + -22 + 2 + -6 - (-2 - 9).
-25
What is the value of (19 - (64 + 5)) + -16 - 7?
-73
What is the value of -34 - (26 - 19) - -20?
-21
What is 21 + (-14 - (-20 - -21)) - -2?
8
Calculate -38 - (48 - (114 - 34)).
-6
(-26 - 1) + 8 + -16 - (-7 - 0)
-28
Evaluate (-35 - -2 - 1) + 1 + (7267 - 7252).
-18
What is 0 - (-35 + 13 - -53 - 22)?
-9
What is -1 - -90 - (359 - 316)?
46
36 + -14 + 1008 + -967 + 0 + -24
39
What is (1 - (3 + (5 - 8))) + 76 + -10?
67
Calculate (-48 - 44 - -85) + 1 + -9 + 99.
84
Evaluate (116 - 138) + 3 + (3 + -1 + 0 - -3).
-14
(-4 - -6) + 28 - (-467 - -480)
17
Calculate 176 - 173 - (-18 + (5 - (-1 - (-3 + -1)))).
19
Evaluate (-2 - (24 - (7 - 3))) + 18.
-4
-284 + 397 + 30 + -95
48
59 - (-25 - (1 + 9 + -13 - 9))
72
What is the value of -6 + (2 - (3 + -14 + 2 + 4) - 45)?
-44
Calculate 33 - (-31 - -71 - (3 + -1)).
-5
(22 - (59 + 7)) + 30 - 121
-135
What is the value of (1 - -6) + (1 - -2 - -15) + (160 - 174)?
11
Calculate (21 - -43) + (3 - 22) - (2 - (-6 - -23)).
60
83 - 39 - 40 - 0
4
What is the value of -155 + 118 + (-1 - -17) + -72 + 3?
-90
Evaluate 11 + (-33 + 44 + -75 - (3 - -2 - -2)).
-60
Calculate -5 + (-44 - (7 - -3 - 26 - -16)).
-49
(139 - (90 + 14)) + 55
90
(-637 - -624 - (1 - 62)) + -8
40
Calculate (-9 - 10) + (228 - 197).
12
What is -60 + 38 - 19 - -56?
15
Calculate 86 + (-1 - 11 - 18 - (1 - 10)).
65
2 - -13 - (-39 - 0 - (-35 - 6))
13
What is the value of 10 + 2 + (-64 - (-18 + 19 - -20))?
-73
Calculate 1711 - 1676 - (-55 - 4).
94
Evaluate 12 - ((1 + 12 - (-105 + 119)) + -1).
14
41 + (147 - 67) + (8 - 6) + -5
118
Evaluate (-4 - (1 + 2)) + 786 + -774.
5
Evaluate 0 + (-1 - (1 + -2)) + 107381 + -107378.
3
(4 - -3) + (-7 - -9) + -24 + 27
12
-2 + 53 + 34 + -3 + -17 + -26
39
Calculate 87 + -18 - (0 - ((4 - 20) + 9)).
62
Calculate -272 - -359 - (71 + -12).
28
Evaluate 3 + 11 + -10 + (42 + -11 + 5 - -8).
48
What is the value of 16 + (16 - -22 - 4) + -30?
20
(27 - -8) + -188 + 154
1
What is the value of -16 + (11 - (-11 + 37)) + (119 - 13)?
75
What is the value of -13 + (24 - 32) - (0 - 33)?
12
What is the value of (1 - (14 + -3) - -8 - -8) + 0?
6
Calculate 2 - 16 - (-22 + (1 + -35 - -8)).
34
What is the value of (7 + -72 - (-1 + 9)) + 7 + 9?
-57
What is the value of -1492 + 1525 + (0 - -9) - 28?
14
What is (13 - -2) + (-14 - -10) + 783 + -849?
-55
Calculate (-9 - 12) + 6 + 14 + -2.
-3
What is the value of -62 + 92 + -102 + 29?
-43
What is -12 - (-9 - (-46 + 98))?
49
What is the value of 0 + 23 - (1 + (21 - 15) - 15)?
31
Evaluate 18 - 0 - (92 + 49 + -183).
60
Calculate 39 - (11 + -15 - (-12 - (10 + -12))).
33
Evaluate (-131 - -284 - 111) + (-10 - (0 - -1)).
31
What is the value of (-17 + 4 - -101) + 128 + -83?
133
1 + -14 + -14 + -17 + 40 + -47
-51
Evaluate -18 + -1 + 24 + -48 + 32.
-11
-34 - ((-4 - -25) + -25) - 66
-96
Calculate (13 + -17 - 31) + 45.
10
-92 - (-5 + (-3 - -2)) - 2 - -1
-87
What is the value of -506 - -438 - (-27 + 1 - -4)?
-46
What is -74 - (21 + (-133 - -145))?
-107
Calculate -222 + 172 - (-1 - (-1 + (5 - 1)) - 0).
-46
Calculate 9 + (-41 - (-2 - 1)) - (-4 - 3).
-22
Calculate 45 + 15 - (10 + 13 + -37 - -11).
63
What is -24 + (-1 + 57 + 21 - 19)?
34
Calculate -2479 - -2417 - (-6 + 47).
-103
What is the value of 30 + (58 - 82 - 37)?
-31
What is the value of 11 + 0 + 2 - (29 + -28)?
12
What is -1 + (31 - (-3 - -23) - -9)?
19
-26 + -6 + 2 + 34 - (-5 - -1)
8
What is the value of 2 + -1 - 1 - (87 + -19 + -54)?
-14
(-27 - -12) + 7 + -2 + -144 + 123
-31
What is -10 + -38 + (-14 - -37) + -4?
-29
What is 26 + (-802 + 703 - (2 + -18))?
-57
What is the value of 0 - (45 - (-1 - (4 - (3 - -2))))?
-45
What is the value of (7 - -77) + 79 + -73 - 27?
63
Calculate (2 + 2 - 3) + (73 - 81) - 15.
-22
Evaluate 61 - ((10 + -9 - -18) + 7).
35
Evaluate 16 + -6 + -6 + 7 + 2 + 9 + 0.
22
-47 + -1 + 30 + -82 + -1 + 42
-59
What is -46 - (-59 - -14 - (44 + 33))?
76
-38 - (21 + -34) - -135 - 11
99
Calculate -13 + 453 + -427 + 1 + -22 - (1 + 27).
-36
(-5 + 14 + 17 + -12 - 44) + -5
-35
Calculate -2 - (51 - 49) - (3 - 29).
22
(1190 - 1241) + (2 - 50)
-99
Evaluate (-23 - -2) + (98 + -114 - ((-3 - -3) + -28)).
-9
44 + -98 - -62 - -15
23
Calculate -36 + -1 - (1193 + -1239 - (-65 + -1)).
-57
Evaluate 145 + (-300 + -53 - -128).
-80
What is -3 + 6 - -10 - (31 - 15 - -39)?
-42
Calculate -76 + -1 - (-12576 - -12491).
8
Calculate (0 - 23) + (43 - 25) + -11.
-16
Calculate 124 + -129 + 12 + 59.
66
Calculate (-4 + 0 - (58 - 46)) + (32 - 36).
-20
36 + -69 - (7 + 2 + -77)
35
Calculate (3 - (2 - 2)) + (27 + -3 - 34).
-7
What is the value of (5 + 97 - 332) + 119?
-111
What is -2 - 31 - (464 + -584)?
87
What is the value of -48 + -1 + 6 + (-11 - ((5 - 8) + -6))?
-45
What is -9 - 2 - (8 + ((-10 - -11) + 35 - 22))?
-33
Calculate -46 + 2 - ((-45 - -8) + 14).
-21
What is the value of 2 + 10 + 9 + -18 + 0?
3
What is 66 - (-11 + (-11 - (8 - 44))) - (10 + -1)?
43
Calculate 2 + -16 + (-13 - (-16 - (-14 - 0))).
-25
Calculate (73 - 18) + 8 + -34.
29
Evaluate -120 + 73 + (7 - (1 - (2 + -8 - -10))).
-37
Evaluate (-3 - 4) + 13 + -38 + 28.
-4
(-10 + 2 + -1 - -51) + 0 + 10 + -12
40
What is 40 - (-33 + (18 - (-26 - -14)) - (-5 + -2))?
36
What is the value of (-10 - -2 - (-18 + 15)) + 3 + -11?
-13
What is the value of -8 + 24 + (22 - (14 + 10))?
14
Calculate -86 + (-55 - -68 - (-6 + -18)).
-49
(53 + -15 - 40) + (-8 - 3)
-13
Calculate 16 - 3 - (14 + -32) - 3.
28
(0 - 8) + 20 - (-80 + 2 + 3 + 3)
84
Calculate 88 + -70 + -2 - -33.
49
What is -25 + -6 + 19 + 20 - (4 - (1 + -16))?
-11
Calculate (4 - 13) + (-64 - -33) + 41.
1
-69 + 39 - -43 - -7
20
-3 - (150 + -160 + -3 + -22)
32
39 - (3 - (7 - 18 - -16)) - 12
29
What is 481 + -432 + -4 + 8?
53
What is -2772 + 2791 + (2 - -86)?
107
What is the value of 86 - 29 - (45 + -6)?
18
-9 - (39 - -21) - -9
-60
Evaluate (83 + -187 - -132) + -40.
-12
What is -14 + -27 - -1 - 32?
-72
What is -14 + -40 - (-154 - -105)?
-5
What is the value of (19 - (30 - -90)) + (10 + 5 - 6)?
-92
Evaluate 49 - (45 - 7) - 21.
-10
What is 5 - ((-6 + -5 + 3 - -15) + -38)?
36
What is the value of (9 + -4 - (7 - 26 - -17)) + -123?
-116
Evaluate 173 + -132 + (-8 - -32).
65
Calculate (3 + 1 - (-1 - 1)) + 159 + -136.
29
What is the value of (-44 - -18 - -9) + (10 - 13) + 87?
67
(-26 - -28) + -8 + -27 + 26
-7
What is the value of 51 + 34 + -108 - -38?
15
Calculate 17 + (20 - 3 - 22) - 16.
-4
Calculate 8 - (100 - (18 + 23 + -52 + 33)).
-70
What is the value of -74 + (45 + -2 + -35 - (-2 + -5))?
-59
What is the value of -23 + 59 + 19 + 32 - (2 - 3)?
88
Evaluate -36 - (-8 + -5 - (210 + -240)).
-53
What is the value of (359 - 138) + -118 - -11?
114
-11 + -97 + 125 - -12
29
Calculate -365 - -344 - (0 + -103).
82
Evaluate -1 - (39 - (-1 + 5)) - (-1412 - -1424).
-48
240 + -376 - (-238 - -2)
100
(-24 - (1 + -2)) + (310 - 297) + -48
-58
Evaluate 17 - (31 + -13 - 3).
2
What is the value of (-3 - 8) + 5 - (71 - (259 + -59))?
123
What is 26 + (-34 - -53) - 53?
-8
Calculate 21 + (-1 - 9 - (172 - 143)).
-18
12 - (51 - (-14 - -42)) - -5
-6
Calculate (87 - (2 + 9)) + (5 - -24 - 18).
87
Calculate -1 - -2 - (-67 + 72) - -46 - (-22 + 13).
51
What is (235 - 51) + -142 + 20 + -1?
61
(-38 - -28 - -20) + -55 - 9
-54
Evaluate -1119 + 1085 + -5 + 46.
7
(-4 - 